-2 + 6 = 2*o. Calculate the remainder when 46 is divided by a(n).
14
Suppose -v = 2*r - 35, -4*v + 4 = -0*v. Calculate the remainder when 81 is divided by r.
13
Let l = -53 - -76. What is the remainder when 44 is divided by l?
21
Suppose -o + 11 = -4*k, 5*o - k + 3*k = 143. What is the remainder when o is divided by 7?
6
Let b(r) be the second derivative of -9*r**5/20 - r**4/12 - r**3/3 - r**2 + 9*r. What is the remainder when b(-1) is divided by 5?
3
Let h(p) = -6*p**3 + p**2 + 7*p - 8. Let z(b) = -b**3 - b**2 + b. Let u(a) = -h(a) + 5*z(a). Calculate the remainder when u(7) is divided by 22.
21
Let w = 29 - 14. What is the remainder when 44 is divided by w?
14
Suppose -7*c = -8*c + 24. Let v(w) = -w**2 + 6*w - 5. Let r be v(4). Suppose -m + r*m = c. What is the remainder when 34 is divided by m?
10
Suppose -2*r = -181 + 55. Let a = -21 + r. What is the remainder when a is divided by 0 - 5/(10/(-44))?
20
Suppose 108 = -b + 2*b - x, 4*b - 426 = 2*x. Suppose s - 5*j = 53, -5*s - 3*j + b = -2*s. Calculate the remainder when s is divided by 13.
12
Suppose -8 - 2 = -5*t. Let u(b) = -2*b + b**3 - 2*b + 0*b**t + 4 + 3*b**2. Calculate the remainder when 10 is divided by u(-4).
2
Suppose -7*a - 2*a = -99. Calculate the remainder when 52 is divided by a.
8
Let h(x) = 2*x**2 + 7*x - 1. Suppose 2*q = -5*p + 42 + 33, -2*p = -q - 39. What is the remainder when h(-7) is divided by p?
14
Let p(f) be the third derivative of f**5/60 + f**4/8 - 5*f**3/6 - 2*f**2. What is the remainder when p(-8) is divided by 12?
11
Suppose -6*d = 42 - 126. Let p(o) = 13*o + 3. Let x be p(-8). Let l = -60 - x. What is the remainder when l is divided by d?
13
Let r be 3*(2 + 28/(-3)). Let i be r/(-1 - 0) + 1. Suppose 0 = -h - 1 + i. What is the remainder when h is divided by 8?
6
Let h(j) = j**3 - 2*j**2 - 6*j + 4. What is the remainder when 19 is divided by h(4)?
7
Let d(v) = 3*v**2 - v - 4. What is the remainder when 37 is divided by d(3)?
17
What is the remainder when 34 is divided by (-25 + 6)*(-3 - -2) - 1?
16
Suppose 0 = -2*s + 4*q + 108, 3*s - 2*s + 5*q = 33. Suppose 0*g + 73 = 4*d + g, -d = -4*g + 3. What is the remainder when s is divided by d?
14
Let u = -22 + 32. Let l(c) be the first derivative of -5*c**2/2 - 2*c - 1. What is the remainder when l(-4) is divided by u?
8
Let t(q) = -2*q + 3. Let m be ((-1)/2)/(1/8). Suppose s + 3*o - 24 = -o, 2*o + 4 = 0. Calculate the remainder when s is divided by t(m).
10
Suppose 0 = -q - 3*q + 108. Let m(d) = d**3 + 14*d**2 - 3*d - 27. What is the remainder when q is divided by m(-14)?
12
What is the remainder when (14/(-4))/(-7)*178 is divided by 23?
20
Let s(b) = 0*b - b + 3*b. Suppose c = 3*c - 2*u - 10, -u = c + 1. Calculate the remainder when s(2) is divided by c.
0
Suppose -15 = -5*t - 0. Suppose -16 = -t*k + 62. Let m = k + -14. What is the remainder when 35 is divided by m?
11
Let h be (18/4)/((-3)/4). Let s(l) = -l**2 - 6*l + 1. Calculate the remainder when s(h) is divided by 1.
0
Suppose -v - 54 = -w - w, 0 = -4*w + 3*v + 110. What is the remainder when w is divided by (11 - -2) + (-6 - -2)?
8
Suppose -4*i - 3*i = -161. Let j = 36 + -23. Calculate the remainder when i is divided by j.
10
Let s(n) = n**2 - n + 5. Let a(y) = 2*y**2 - 2*y + 9. Let u(v) = 3*a(v) - 5*s(v). Calculate the remainder when 30 is divided by u(-2).
6
Suppose 2*j = 4*j - 22. Calculate the remainder when j is divided by 3.
2
Calculate the remainder when (-276)/(-9)*(-6)/(-4) is divided by 12.
10
Let z = -39 + 43. Calculate the remainder when z is divided by 2.
0
Suppose 3*c = -2*c + 345. What is the remainder when c is divided by 36?
33
Suppose -5*g + 4*u = -40, 3*g + 4*u + 2 = -6. Suppose 0*t + 4*t - y - 9 = 0, -y + 9 = 2*t. What is the remainder when g is divided by t?
1
Let y(q) = 2*q**2 - q - 5. Let b = -768 + 785. Calculate the remainder when y(-4) is divided by b.
14
Let m(a) = 3*a**2 + 10*a + 6. Let v(q) = -7*q**2 - 20*q - 12. Let r(y) = 5*m(y) + 2*v(y). What is the remainder when 50 is divided by r(-11)?
16
Suppose 0*r = 4*r - 76. Calculate the remainder when r is divided by 1 + (-5)/((-15)/27).
9
Let z = -4 + 2. Let o = 3 - z. Let d = 62 - 54. Calculate the remainder when d is divided by o.
3
Let b(i) be the third derivative of -i**6/120 + i**5/10 - i**4/8 + i**3/3 - 4*i**2. Let n be (1 - 0) + 2 + 2. What is the remainder when b(n) is divided by 7?
5
Let p(u) = u - 8. Let q be p(4). Suppose -g - x + 8 = -0*g, -g + 20 = 5*x. Let n = g + q. Calculate the remainder when n is divided by 1.
0
Let k(u) = -2*u - 4. Let c be k(-4). Calculate the remainder when 34 is divided by c/10 - (-176)/10.
16
Suppose -18 - 26 = -4*z. Suppose 3*x - 26 + 8 = 0. Calculate the remainder when z is divided by x.
5
Let s(y) = -3*y**2 - 4*y - 4. Let o be s(-4). Let u(z) = -z - 3. Let t be u(0). Calculate the remainder when 10 is divided by ((-1)/t)/((-2)/o).
4
Let r(q) = -q - 6. Let i be r(-7). Let a = i + 4. Suppose -a*u + 2*o = -226, 0*u = -u - o + 41. Calculate the remainder when u is divided by 15.
14
Suppose -2*d + 0*d - 11 = -k, 22 = 5*k + d. Calculate the remainder when 24 is divided by k.
4
Let s = 19 + 15. Let m = 6 - -12. Calculate the remainder when s is divided by m.
16
Suppose -4*w = 2*j, 3*j - 6 = -0*j - 4*w. Suppose -60 = r - j*r. Suppose -2*v + 76 = -0*v - 2*z, 55 = 2*v + 5*z. What is the remainder when v is divided by r?
11
Suppose -2*h = -158 - 28. Let n = h - 23. Calculate the remainder when n is divided by 24.
22
Suppose -2*v = 3*f - 52, 2*f + 8 = 6*f. What is the remainder when v is divided by 6?
5
Suppose -16*j = -5*j - 429. Calculate the remainder when j is divided by 14.
11
Suppose -20 = -5*k + 60. What is the remainder when 45 is divided by k?
13
Suppose 3*u = 77 + 157. What is the remainder when u is divided by 10?
8
Let h = -96 + 103. Calculate the remainder when 26 is divided by h.
5
Let k(t) = -t**2 + t + 4. Let c(w) = 2*w**2 + 0*w - 6 - w - w. Let b(s) = 5*c(s) + 8*k(s). What is the remainder when 16 is divided by b(2)?
4
Suppose -3*c = -102 + 78. What is the remainder when c is divided by 4?
0
Suppose p = -2*a + 7*a + 1, -2 = -2*p + 5*a. Suppose 0 = -j - 5*v + 1, -p - 10 = -j + 5*v. Calculate the remainder when 15 is divided by j.
3
What is the remainder when 27/36*1*96 is divided by 15?
12
Let c be (-32)/10*(-45)/3. Calculate the remainder when c + -5 - (1 - 4) is divided by 12.
10
Suppose -17*b = -14*b - 39. What is the remainder when 0/(-2) - (-37 - -1) is divided by b?
10
Suppose 30 = 5*o - 165. Suppose -5*i + o = -16. What is the remainder when i is divided by 7?
4
Let p(m) be the second derivative of m**5/20 + 2*m**4/3 + 7*m**3/6 + 3*m**2 + m. Calculate the remainder when 11 is divided by p(-7).
5
Let q(b) = b**3 - 18*b**2 + 2*b - 23. Calculate the remainder when q(18) is divided by 4.
1
Let j(m) be the second derivative of 4*m**3/3 + m**2/2 - 3*m. Calculate the remainder when 16 is divided by j(1).
7
Suppose -40 = -3*y - 1. Suppose n - 12 + 0 = 0. What is the remainder when n is divided by 1/2 - y/(-2)?
5
Let l(u) = -6*u + 8. Let j be l(-8). Let r be (4/(-2) + 2)/1. Suppose r = -3*a + 2*a - 2*h + 13, j = 5*a + h. Calculate the remainder when a is divided by 4.
3
Suppose -2*i - 4*m + 140 = 0, -4*m + 202 = 3*i - 0*i. What is the remainder when i is divided by 18?
8
Let a = -30 - -18. What is the remainder when (-6)/(-8) + (-651)/a is divided by 28?
27
Let o = 0 - 1. Let m(i) be the second derivative of -i**3/2 + i**2/2 - 4*i. What is the remainder when 11 is divided by m(o)?
3
Let g(l) = -2*l**2 + 10*l**2 - 9*l**2 - 8*l. Calculate the remainder when g(-5) is divided by 8.
7
Suppose 2*f = 4 - 0. Suppose -f*z + 5 = -7. Suppose -42 = -4*v + 2. What is the remainder when v is divided by z?
5
Suppose 4*z - 25 + 9 = 0. Suppose z*y + y = 5*s + 75, -2*y = -5*s - 27. What is the remainder when y is divided by 9?
7
Let s(v) = -13*v - 5. Let u be (-16)/(-12)*(-18)/4. Calculate the remainder when s(u) is divided by (-2)/(-8) - 198/(-8).
23
Let d(t) = -t - 8. Let o be d(-12). Suppose -105 = -5*y + 5*j + 210, 0 = -o*y + j + 252. What is the remainder when y is divided by 22?
19
Let r = 0 - -2. Suppose -r*o = 2*o - 16. Calculate the remainder when 11 is divided by o.
3
Let f be (20/(-15))/(2/(-3)). Suppose 0 = 3*j - 0*j - 222. Calculate the rema